6?
2022
In base 4, what is 1102331 - 3?
1102322
In base 13, what is 118 - 77?
71
In base 15, what is -4 - -209cc?
209c8
In base 4, what is 122211 - 33?
122112
In base 14, what is 2159b + c?
215a9
In base 4, what is -13130222 - -20?
-13130202
In base 7, what is -164263 - 5?
-164301
In base 13, what is -11a4 + 17?
-118a
In base 8, what is -1517475 + 2?
-1517473
In base 15, what is 1a - bee?
-bd4
In base 14, what is 5b0 + b4?
684
In base 3, what is -2 + 1102012002?
1102012000
In base 12, what is 49a - 10?
48a
In base 16, what is 3 - 34b?
-348
In base 6, what is -3431 + 3030?
-401
In base 15, what is 182c3 - 3?
182c0
In base 12, what is -891b + -5?
-8924
In base 11, what is -2 - -95092?
95090
In base 15, what is 1 + -65649?
-65648
In base 2, what is -101100 + 11001?
-10011
In base 8, what is 10704226 + 0?
10704226
In base 14, what is d + d64?
d73
In base 11, what is -577525 + -4?
-577529
In base 14, what is 14287 + 1?
14288
In base 14, what is d6b - 17?
d54
In base 8, what is -104 + -446?
-552
In base 3, what is 10 - 22022110221?
-22022110211
In base 14, what is -4979 - -3d?
-493a
In base 12, what is 95 + -97?
-2
In base 14, what is -296a + -31?
-299b
In base 12, what is -2 - -17b00?
17aba
In base 3, what is -1121 + 221010211?
221002020
In base 10, what is -12 - -414472?
414460
In base 7, what is -132 + 1134?
1002
In base 9, what is 11370 + 1?
11371
In base 11, what is -520 + -122?
-642
In base 2, what is 10000110100 - 10011?
10000100001
In base 8, what is -6 + 1175054?
1175046
In base 16, what is -1 - -ff41c?
ff41b
In base 12, what is 2401 + -3?
23ba
In base 4, what is 1310202113 - -2?
1310202121
In base 2, what is 10 + 110101010001101?
110101010001111
In base 6, what is -1053543 + 3?
-1053540
In base 15, what is -2a - 7da9?
-7dd4
In base 16, what is -4ed - 8b?
-578
In base 15, what is 4a - 5b4?
-569
In base 9, what is -6 - 601326?
-601333
In base 9, what is -1 + -20407?
-20408
In base 11, what is -5a + -941?
-9a0
In base 16, what is -2914 + 8?
-290c
In base 15, what is d + -7da?
-7cc
In base 5, what is -1 - 212420034?
-212420040
In base 14, what is -3 + a73d5?
a73d2
In base 2, what is -1000110000111001 + -10000?
-1000110001001001
In base 13, what is 5 - 1c757?
-1c752
In base 14, what is -1c - -a6?
88
In base 16, what is -4 + 4357?
4353
In base 10, what is -154399 + -5?
-154404
In base 11, what is 560 - 1794?
-1234
In base 14, what is 5 - 3861?
-385a
In base 7, what is 3 - 30143?
-30140
In base 6, what is -10 - 203021?
-203031
In base 10, what is -1 + -210621?
-210622
In base 15, what is 212c + -5?
2127
In base 5, what is 31132401 + 4?
31132410
In base 9, what is -2473 - -64?
-2408
In base 8, what is 17 - 3472?
-3453
In base 3, what is -1002101200 + -22?
-1002101222
In base 12, what is 3 - 2136?
-2133
In base 16, what is 786d + 3?
7870
In base 13, what is 1 + -32b62?
-32b61
In base 4, what is 1131133003 - 3?
1131133000
In base 4, what is -2330131 + 0?
-2330131
In base 2, what is 1001001111 + 1011001110?
10100011101
In base 3, what is 10 - -2101120021?
2101120101
In base 13, what is -17 + 2433?
2419
In base 15, what is 2 + -1ab7?
-1ab5
In base 10, what is 5 - -9452?
9457
In base 8, what is 10 + -362362?
-362352
In base 3, what is -2211 + 2001120002?
2001110021
In base 9, what is -622 + 2?
-620
In base 8, what is -2000 + 57?
-1721
In base 11, what is 2 + 19a24?
19a26
In base 11, what is -2a79 + 23?
-2a56
In base 4, what is 1323331 + -3?
1323322
In base 4, what is -122 + 20223233?
20223111
In base 2, what is 1011011000 - 11000111?
1000010001
In base 14, what is 7c - 7381?
-7303
In base 3, what is 11 + -2001202210022?
-2001202210011
In base 10, what is 16875 + -4?
16871
In base 7, what is 224 + -40?
154
In base 5, what is 0 + -21312?
-21312
In base 16, what is -40e5 - -7?
-40de
In base 11, what is 0 - -34301?
34301
In base 14, what is -a33a + -2?
-a33c
In base 13, what is -1b497 + 37?
-1b460
In base 4, what is -10 + -1330220030?
-1330220100
In base 14, what is c4 + 135?
219
In base 12, what is -b499 + -6?
-b4a3
In base 7, what is -3 + 15163430?
15163424
In base 13, what is -778 + -cc?
-877
In base 14, what is a6 - -1b4?
27a
In base 3, what is -1 + -102202202221?
-102202202222
In base 10, what is 55 + 448?
503
In base 5, what is -231340 + 2?
-231333
In base 4, what is -33320022 + -1302?
-33321330
In base 11, what is 1 + 217503?
217504
In base 9, what is -472303 + -1?
-472304
In base 15, what is 6e926 + -4?
6e922
In base 2, what is 1100 - 1000010001011000?
-1000010001001100
In base 12, what is 5 + 318963?
318968
In base 10, what is -431 + 155?
-276
In base 13, what is 38 - -123c?
1277
In base 13, what is 2 + 29154?
29156
In base 8, what is 3 - -1036437?
1036442
In base 9, what is -1 + -523036?
-523037
In base 10, what is -44 + 1347?
1303
In base 2, what is 110010011001 + -100011000?
101110000001
In base 16, what is -15894 + 1?
-15893
In base 5, what is 111303 - -110?
111413
In base 3, what is -12 + 1022112211?
1022112122
In base 11, what is 466976 - -4?
46697a
In base 10, what is 3 + 102915?
102918
In base 4, what is 2 - -321032?
321100
In base 16, what is -3858 - 2?
-385a
In base 3, what is -20 + -210110?
-210200
In base 2, what is -111111011110010 + -111?
-111111011111001
In base 4, what is -203322133 + -2?
-203322201
In base 15, what is 57b + 13?
58e
In base 11, what is 2 - -64419?
64420
In base 10, what is -7 - 460053?
-460060
In base 11, what is -1a8559 + -6?
-1a8564
In base 11, what is -19542 - -1?
-19541
In base 7, what is -123 - 110156?
-110312
In base 10, what is -2529928 - -1?
-2529927
In base 4, what is -201332 + 1323?
-200003
In base 3, what is 21020022020 - 0?
21020022020
In base 10, what is 73 + 1932?
2005
In base 14, what is b1ad9 - -5?
b1b00
In base 9, what is 420 - -254?
674
In base 2, what is -1110111101001100110 - 1?
-1110111101001100111
In base 15, what is 5a - 2ee?
-294
In base 13, what is 158 + -17?
141
In base 13, what is 44765 - 1?
44764
In base 4, what is -10 - -2102122003?
2102121333
In base 3, what is -1221020 + -102220?
-2101010
In base 15, what is -2 + 77a9?
77a7
In base 16, what is -6 - 2951d?
-29523
In base 10, what is -3008 + 19?
-2989
In base 12, what is -6 - 4355?
-435b
In base 11, what is 30 + -1571?
-1541
In base 10, what is 22606 - 16?
22590
In base 6, what is 2320331 - -12?
2320343
In base 6, what is 3 + -10254?
-10251
In base 7, what is 115162 - -11?
115203
In base 4, what is 1212 + -1003112?
-1001300
In base 4, what is -210 + -20302003?
-20302213
In base 14, what is -2 - 7ac0?
-7ac2
In base 11, what is -1954 + -2a?
-1983
In base 7, what is -1441620 - -20?
-1441600
In base 15, what is -4 + 9574?
9570
In base 4, what is -2021302 - 2000?
-2023302
In base 13, what is 1 + -56b5?
-56b4
In base 14, what is 21 - 9569?
-9548
In base 4, what is 131113013 + -2?
131113011
In base 14, what is -5 + 1413a?
14135
In base 12, what is 28b62 + 8?
28b6a
In base 15, what is 127e - 86?
11e8
In base 5, what is -1131 + -210?
-1341
In base 7, what is -12022 + -2?
-12024
In base 12, what is -442712 + -4?
-442716
In base 13, what is 2 - 99162?
-99160
In base 3, what is 1102001 + -20021?
1011210
In base 12, what is 2 - -a78?
a7a
In base 10, what is -21 + 2618?
2597
In base 9, what is 5 + -10343?
-10337
In base 9, what is 45486 - -3?
45500
In base 9, what is -6 + 1538830?
1538823
In base 11, what is 323a - -11?
3250
In base 6, what is -55 + -50?
-145
In base 6, what is -4 + -40031?
-40035
In base 13, what is 3a58 - -28a?
4015
In base 7, what is 3 - 3163?
-3160
In base 3, what is -1110201200200 - 0?
-1110201200200
In base 11, what is -575 - 30?
-5a5
In base 14, what is -2 + -2dc3?
-2dc5
In base 10, what is 646 - -454?
1100
In base 12, what is 2265 + 28?
2291
In base 2, what is 10011010111 - 100?
10011010011
In base 2, what is -1011110001000010 + 1010010?
-1011101111110000
In base 5, what is -10242 - -2211?
-3031
In base 2, what is 110101011011 - -11000011?
111000011110
In base 14, what is -486 + -18?
-4a0
In base 15, what is -d + -a381?
-a38e
In base 14, what is 12 + -4814a?
-48138
In base 6, what is -1405 + 42?
-1323
In base 8, what is 502 - -20?
522
In base 16, what is -1412 - -15?
-13fd
In base 7, what is 1600 - 1315?
252
In base 13, what is 4214c - 1?
4214b
In base 12, what is -17 + -9b6?
-a11
In base 14, what is -3 - 568d?
-5692
In 